93?
17, 2468729
List the prime factors of 569932466.
2, 293, 972581
What are the prime factors of 6821934?
2, 3, 7, 59, 2753
What are the prime factors of 386382613?
17, 19, 1196231
List the prime factors of 67130814.
2, 3, 113, 99013
List the prime factors of 11390958.
2, 3, 43, 14717
List the prime factors of 298847319.
3, 41, 2429653
What are the prime factors of 90445157?
11, 181, 45427
List the prime factors of 180244458.
2, 3, 10013581
What are the prime factors of 2121213293?
37, 2657, 21577
What are the prime factors of 448054548?
2, 3, 37337879
List the prime factors of 1304779649.
1304779649
List the prime factors of 297680552.
2, 13, 2862313
What are the prime factors of 487059990?
2, 3, 5, 61, 266153
List the prime factors of 1733967631.
11, 23, 623057
What are the prime factors of 220036740?
2, 3, 5, 7, 11, 97, 491
List the prime factors of 890243454.
2, 3, 17, 229, 38113
What are the prime factors of 482206621?
13, 37092817
What are the prime factors of 29285723?
29285723
What are the prime factors of 17393873?
7, 17, 19, 157
What are the prime factors of 420869169?
3, 7, 263, 8467
List the prime factors of 2454575496.
2, 3, 19, 5382841
List the prime factors of 345405865.
5, 7, 103, 95813
What are the prime factors of 7591546193?
7, 11, 98591509
What are the prime factors of 2576748479?
19, 3863, 35107
What are the prime factors of 92444781?
3, 11, 13, 229, 941
List the prime factors of 916260629.
47, 331, 58897
List the prime factors of 406130974.
2, 73, 167, 16657
List the prime factors of 315145735.
5, 1399, 45053
List the prime factors of 1199412818.
2, 9973, 60133
What are the prime factors of 98631440?
2, 5, 1232893
List the prime factors of 209074164.
2, 3, 13, 331, 4049
List the prime factors of 165335985.
3, 5, 41, 3319
List the prime factors of 3666994284.
2, 3, 305582857
What are the prime factors of 210584029?
43, 223, 21961
List the prime factors of 2539847356.
2, 634961839
What are the prime factors of 794816444?
2, 67, 2965733
What are the prime factors of 3259794297?
3, 157, 6921007
What are the prime factors of 4002184863?
3, 17, 467, 18671
List the prime factors of 2892988619.
149, 19416031
What are the prime factors of 356332524?
2, 3, 1627, 18251
What are the prime factors of 109955205?
3, 5, 547, 1489
What are the prime factors of 47592305?
5, 89, 106949
What are the prime factors of 7247411?
7247411
What are the prime factors of 858777369?
3, 853, 335591
What are the prime factors of 169497815?
5, 197, 172079
What are the prime factors of 138743379?
3, 2017, 7643
List the prime factors of 7830601.
43, 182107
What are the prime factors of 548076028?
2, 41, 191, 17497
What are the prime factors of 1106001144?
2, 3, 15361127
What are the prime factors of 603710857?
6073, 99409
List the prime factors of 89883106.
2, 44941553
What are the prime factors of 93677293?
17, 5510429
What are the prime factors of 57649969?
13, 499, 8887
List the prime factors of 7408850677.
53617, 138181
List the prime factors of 3770780972.
2, 7, 103, 1307483
List the prime factors of 16028893.
3547, 4519
What are the prime factors of 2015705895?
3, 5, 7, 17, 353, 457
What are the prime factors of 963043657?
353, 2728169
What are the prime factors of 13040988?
2, 3, 1086749
List the prime factors of 2874939198.
2, 3, 479156533
List the prime factors of 108400262.
2, 17, 139, 22937
List the prime factors of 19386531.
3, 2154059
List the prime factors of 2460488877.
3, 7, 11, 3550489
What are the prime factors of 420632995?
5, 179, 263, 1787
List the prime factors of 3550230366.
2, 3, 23, 2843, 9049
What are the prime factors of 33964554?
2, 3, 13, 71, 6133
List the prime factors of 795934897.
383, 2078159
What are the prime factors of 1451344491?
3, 161260499
What are the prime factors of 494735801?
7, 10096649
What are the prime factors of 463098210?
2, 3, 5, 19, 71, 11443
List the prime factors of 32798938.
2, 43, 381383
List the prime factors of 153039405.
3, 5, 31, 449, 733
What are the prime factors of 514067588?
2, 128516897
List the prime factors of 65080527.
3, 21693509
List the prime factors of 6549369667.
37, 283, 625477
List the prime factors of 2350383142.
2, 1087, 1081133
What are the prime factors of 8674924114?
2, 79, 83, 139, 4759
What are the prime factors of 529815094?
2, 29, 101, 149, 607
What are the prime factors of 752254336?
2, 1237, 4751
What are the prime factors of 503314073?
41, 59, 208067
List the prime factors of 30776218.
2, 11, 43, 32533
List the prime factors of 680122127.
1039, 654593
List the prime factors of 2474766772.
2, 17, 36393629
What are the prime factors of 1447331863?
2437, 593899
What are the prime factors of 1711456126?
2, 139, 6156317
What are the prime factors of 47202560?
2, 5, 36877
List the prime factors of 2765304896.
2, 43207889
What are the prime factors of 651399071?
4049, 160879
List the prime factors of 3156351443.
7, 73, 6176813
List the prime factors of 34775621.
4297, 8093
What are the prime factors of 650333107?
919, 707653
List the prime factors of 422281581.
3, 17, 53, 156227
List the prime factors of 135978911.
135978911
List the prime factors of 281462551.
2411, 116741
List the prime factors of 1535214399.
3, 233, 467, 4703
List the prime factors of 33310150.
2, 5, 666203
List the prime factors of 3191310824.
2, 13, 83, 28439
What are the prime factors of 588387820?
2, 5, 19, 1548389
What are the prime factors of 233602640?
2, 5, 113, 25841
What are the prime factors of 2097365917?
181, 11587657
What are the prime factors of 1404395975?
5, 71, 791209
What are the prime factors of 758636913?
3, 67, 113, 127, 263
List the prime factors of 2702303933.
7, 386043419
List the prime factors of 59694378.
2, 3, 17, 587, 997
List the prime factors of 2044598796.
2, 3, 56794411
List the prime factors of 277928295.
3, 5, 19, 975187
List the prime factors of 3069077392.
2, 239, 802583
List the prime factors of 73378183.
883, 83101
List the prime factors of 990763603.
990763603
What are the prime factors of 169472046?
2, 3, 28245341
List the prime factors of 56230925.
5, 163, 13799
List the prime factors of 6051151586.
2, 3671, 824183
List the prime factors of 9045484.
2, 7, 323053
List the prime factors of 571059670.
2, 5, 57105967
List the prime factors of 210310404.
2, 3, 653, 26839
What are the prime factors of 78857934?
2, 3, 17, 773117
List the prime factors of 5910063435.
3, 5, 3209, 40927
What are the prime factors of 176772156?
2, 3, 11, 41, 89, 367
List the prime factors of 53495173.
53495173
List the prime factors of 380325617.
7, 947, 57373
List the prime factors of 1015025647.
17, 107, 593, 941
List the prime factors of 3188210289.
3, 11, 96612433
What are the prime factors of 325033885?
5, 11, 29, 7027
What are the prime factors of 87251848?
2, 10906481
List the prime factors of 187156158.
2, 3, 7, 277, 16087
What are the prime factors of 362649658?
2, 7, 79, 131, 2503
List the prime factors of 84354886.
2, 7, 11, 97, 5647
What are the prime factors of 3648775576?
2, 139, 3281273
What are the prime factors of 79023850?
2, 5, 19, 193, 431
List the prime factors of 452362555.
5, 37, 2445203
What are the prime factors of 691689986?
2, 13, 571, 46591
What are the prime factors of 87331177?
3989, 21893
What are the prime factors of 1133517115?
5, 226703423
What are the prime factors of 398516780?
2, 5, 31, 642769
What are the prime factors of 136025586?
2, 3, 7556977
List the prime factors of 1387126645.
5, 17, 71, 229847
List the prime factors of 681578901.
3, 127, 198769
What are the prime factors of 3757191?
3, 311, 4027
What are the prime factors of 24829434?
2, 3, 7, 197059
List the prime factors of 42692715.
3, 5, 13, 19, 23, 167
List the prime factors of 74427937.
433, 171889
List the prime factors of 133709295.
3, 5, 8913953
What are the prime factors of 28090985?
5, 13, 131, 3299
What are the prime factors of 188994504?
2, 3, 617, 12763
What are the prime factors of 582954046?
2, 139, 2096957
List the prime factors of 142146762.
2, 3, 23, 1030049
What are the prime factors of 2669874800?
2, 5, 163, 40949
List the prime factors of 93647646.
2, 3, 5202647
List the prime factors of 3848789158.
2, 71, 89, 304541
What are the prime factors of 76235828?
2, 19, 1003103
